{"id":27,"date":"2023-02-09T17:30:26","date_gmt":"2023-02-09T17:30:26","guid":{"rendered":"https:\/\/rymer-psycholog.pl\/?page_id=27"},"modified":"2025-03-18T10:25:43","modified_gmt":"2025-03-18T10:25:43","slug":"27-2","status":"publish","type":"page","link":"https:\/\/rymer-psycholog.pl\/","title":{"rendered":""},"content":{"rendered":"<div id=\"pl-27\"  class=\"panel-layout\" ><div id=\"pg-27-0\"  class=\"panel-grid panel-no-style\" ><div id=\"pgc-27-0-0\"  class=\"panel-grid-cell\" >     <div id=\"panel-27-0-0-0\" class=\"so-panel widget widget_kadence_simple_image kadence_simple_image panel-first-child panel-last-child\" data-index=\"0\" >    <div class=\"kad_img_upload_widget\">\n        <a href=\"https:\/\/rymer-psycholog.pl\/wp-content\/uploads\/2023\/02\/Projekt-bez-tytulu-7.png\" data-rel=\"lightbox\">        <img src=\"https:\/\/rymer-psycholog.pl\/wp-content\/uploads\/2023\/02\/Projekt-bez-tytulu-7.png\" alt=\"\" \/>\n        <\/a>            <\/div>\n\n    <\/div>    <\/div><div id=\"pgc-27-0-1\"  class=\"panel-grid-cell\" ><div id=\"panel-27-0-1-0\" class=\"so-panel widget widget_black-studio-tinymce widget_black_studio_tinymce panel-first-child panel-last-child\" data-index=\"1\" ><div class=\"textwidget\"><h3 align=\"JUSTIFY\"><span style=\"color: #99c63f;\"><strong>O mnie<\/strong><\/span><\/h3>\n<p align=\"JUSTIFY\">\n<p align=\"JUSTIFY\"><span style=\"font-family: Times New Roman, serif;\"><span style=\"font-size: medium;\"><span style=\"font-size: large;\">Jestem absolwentk\u0105 studi\u00f3w psychologicznych na Uniwersytecie Kardyna\u0142a Stefana Wyszy\u0144skiego w Warszawie, 4-letniego studium Psychoterapii Psychodynamicznej KCP,\u00a0 <\/span><span style=\"font-size: large;\">Certyfikowanym Psychoterapeut\u0105 Uzale\u017cnie\u0144, trenerem umiej\u0119tno\u015bci psychospo\u0142ecznych<\/span><span style=\"font-size: large;\">.<\/span><\/span><\/span><\/p>\n<p align=\"JUSTIFY\"><span style=\"font-family: Times New Roman, serif;\"><span style=\"font-size: medium;\"><span style=\"font-size: large;\">Swoj\u0105 prac\u0119 jako psycholog zaczyna\u0142am jeszcze jako studentka w O\u015brodku Socjoterapeutycznym Wsp\u00f3lny Dom w Wildze, gdzie uczy\u0142am si\u0119 pracy z m\u0142odzie\u017c\u0105 z zaburzeniami zachowania pracuj\u0105c r\u00f3wnocze\u015bnie z dzie\u0107mi z warszawskiej Pragi w \u015awietlicy Terapeutycznej. Po studiach pracowa\u0142am z osobami uzale\u017cnionymi oraz ich rodzinami w O\u015brodkach Leczenia Uzale\u017cnie\u0144 oraz szko\u0142ach i Poradniach Zdrowia Psychicznego m.i.n Kompas w B\u0119dzinie.<\/span><\/span><\/span><\/p>\n<p align=\"JUSTIFY\"><span style=\"font-family: Times New Roman, serif;\"><span style=\"font-size: medium;\"><span style=\"font-size: large;\">Obecnie moim miejscem pracy jest Oddzia\u0142 Leczenia Nerwic MSW w Katowicach oraz Poradnia Psychologiczno-Pedagogiczna w Siemianowicach \u015al\u0105skich Zajmuj\u0119 si\u0119 <\/span><span style=\"font-size: large;\">terapia indywidualn\u0105 oraz grupow\u0105 dla doros\u0142ych i m\u0142odzie\u017cy<\/span><span style=\"font-size: large;\"><b>\u00a0<\/b><\/span><span style=\"font-size: large;\">z r\u00f3\u017cnymi problemami osobistymi i emocjonalnymi a tak\u017ce os\u00f3b z choruj\u0105cych na <\/span><span style=\"font-size: large;\">nerwic\u0119, depresj\u0119, zaburzenia jedzenia, zaburzenia kompulsywne czy zaburzenia osobowo\u015bci. <\/span><\/span><\/span><\/p>\n<p align=\"JUSTIFY\"><span style=\"font-family: Times New Roman, serif;\"><span style=\"font-size: medium;\"><span style=\"font-size: large;\">Swoj\u0105 prac\u0119 poddaj\u0119\u00a0<\/span><span style=\"font-size: large;\">systematycznej superwizji<\/span><span style=\"font-size: large;\">\u00a0superwizor\u00f3w Krakowskiego Centrum Psychodynamicznego oraz PTP. Systematycznie podnosz\u0119 swoje kwalifikacje uczestnicz\u0105c w szkoleniach i konferencjach<\/span><span style=\"font-size: large;\">.<\/span><\/span><\/span><\/p>\n<\/div><\/div><\/div><\/div><div id=\"pg-27-1\"  class=\"panel-grid panel-no-style\" ><div id=\"pgc-27-1-0\"  class=\"panel-grid-cell panel-grid-cell-empty\" ><\/div><div id=\"pgc-27-1-1\"  class=\"panel-grid-cell panel-grid-cell-mobile-last\" ><div id=\"panel-27-1-1-0\" class=\"so-panel widget widget_black-studio-tinymce widget_black_studio_tinymce panel-first-child panel-last-child\" data-index=\"2\" ><div class=\"textwidget\"><h3><span style=\"color: #99c63f;\"><strong>Oferta<\/strong><\/span><\/h3>\n<p>&nbsp;<\/p>\n<p><span style=\"font-family: Times New Roman, serif;\"><span style=\"font-size: large;\">Psychoterapia os\u00f3b doros\u0142ych i m\u0142odzie\u017cy powy\u017cej 16 r.\u017c:<\/span><\/span><\/p>\n<p>&nbsp;<\/p>\n<ul>\n<li><span style=\"font-family: Times New Roman, serif;\"><span style=\"font-size: large;\">problemy osobiste <\/span><\/span><\/li>\n<li><span style=\"font-family: Times New Roman, serif;\"><span style=\"font-size: large;\">trudno\u015bci z radzeniem sobie z emocjami<\/span><\/span><\/li>\n<li><span style=\"font-family: Times New Roman, serif;\"><span style=\"font-size: large;\">kryzysy,<\/span><\/span><\/li>\n<li><span style=\"font-family: Times New Roman, serif;\"><span style=\"font-size: large;\">depresje i nerwice,<\/span><\/span><\/li>\n<li><span style=\"font-family: Times New Roman, serif;\"><span style=\"font-size: large;\">zaburzenia osobowo\u015bci,<\/span><\/span><\/li>\n<li><span style=\"font-family: Times New Roman, serif;\"><span style=\"font-size: large;\">psychoterapia DDA,<\/span><\/span><\/li>\n<li><span style=\"font-family: Times New Roman, serif;\"><span style=\"font-size: large;\">trudno\u015bci w relacjach i zwi\u0105zkach,<\/span><\/span><\/li>\n<li><span style=\"font-family: Times New Roman, serif;\"><span style=\"font-size: large;\">problemy ma\u0142\u017ce\u0144skie,<\/span><\/span><\/li>\n<li><span style=\"font-family: Times New Roman, serif;\"><span style=\"font-size: large;\">leki i fobie,<\/span><\/span><\/li>\n<li><span style=\"font-family: Times New Roman, serif;\"><span style=\"font-size: large;\">terapia os\u00f3b uzale\u017cnionych po podstawowym programie terapii <\/span><\/span><\/li>\n<\/ul>\n<p>&nbsp;<\/p>\n<p style=\"text-align: left;\" align=\"JUSTIFY\"><span style=\"font-family: Times New Roman, serif;\"><span style=\"font-size: large;\"><b>Konsultacja psychologiczna indywidualna<\/b><\/span><\/span><span style=\"font-family: Times New Roman, serif;\"><span style=\"font-size: large;\">\u00a0jest pierwszym spotkaniem z psychologiem. Spotkanie takie s\u0142u\u017cy ustaleniu, jaka oferta pomocy psychologicznej lub innej b\u0119dzie dla danej osoby potencjalnie najkorzystniejsza. Czasami wystarczy jedna konsultacja, zazwyczaj jednak, zw\u0142aszcza je\u017celi poprzedza ona rozpocz\u0119cie terapii, obejmuje od 1 do 3 spotka\u0144.<\/span><\/span><\/p>\n<p style=\"text-align: left;\" align=\"JUSTIFY\"><span style=\"font-family: Times New Roman, serif;\"><span style=\"font-size: large;\">Gdy zapada decyzja o rozpocz\u0119ciu psychoterapii ustala si\u0119\u00a0<\/span><\/span><span style=\"font-family: Times New Roman, serif;\"><span style=\"font-size: large;\"><b>kontrakt terapeutyczny<\/b><\/span><\/span><span style=\"font-family: Times New Roman, serif;\"><span style=\"font-size: large;\">, w kt\u00f3rym okre\u015bla si\u0119: cel terapii oraz zasady formalne - cz\u0119stotliwo\u015b\u0107, d\u0142ugo\u015b\u0107 i koszt spotka\u0144.<\/span><\/span><\/p>\n<p style=\"text-align: left;\" align=\"JUSTIFY\"><span style=\"font-family: Times New Roman, serif;\"><span style=\"font-size: large;\"><b>Psychoterapia indywidualna<\/b><\/span><\/span><span style=\"font-family: Times New Roman, serif;\"><span style=\"font-size: large;\">\u00a0jest form\u0105 pomocy psychologicznej, kt\u00f3ra polega na indywidualnych spotkaniach z psychoterapeut\u0105. Warunkiem rozpocz\u0119cia psychoterapii jest udzia\u0142 w konsultacji psychologicznej. Spotkania odbywaj\u0105 si\u0119 zwykle raz w tygodniu.<\/span><\/span><\/p>\n<p style=\"text-align: left;\"><span style=\"color: #000000;\">\u00a0<\/span><\/p>\n<p style=\"text-align: left;\" align=\"JUSTIFY\"><span style=\"color: #000000;\"><span style=\"font-family: Times New Roman, serif;\"><span style=\"font-size: large;\">Psychoterapia psychodynamiczna zak\u0142ada, \u017ce naszymi nieprawid\u0142owymi zachowaniami, prze\u017cyciami czy sposobami my\u015blenia kieruje nie\u015bwiadomo\u015b\u0107 a poznanie jej mechanizm\u00f3w jest niezb\u0119dne do poprawy funkcjonowania czy wyzdrowienia. W terapii istotn\u0105 rol\u0119 pe\u0142ni relacja terapeutyczna, kt\u00f3ra dostarcza informacji na temat sposob\u00f3w budowania relacji z innymi.<\/span><\/span><\/span><\/p>\n<p style=\"text-align: left;\" align=\"JUSTIFY\"><span style=\"color: #000000;\">\u00a0<\/span><\/p>\n<p style=\"text-align: left;\" align=\"JUSTIFY\"><span style=\"color: #000000;\"><span style=\"font-family: Times New Roman, serif;\"><span style=\"font-size: large;\">Psychoterapia psychodynamiczna jest terapia wymagaj\u0105c\u0105 d\u0142ugotrwa\u0142ego procesu poniewa\u017c umo\u017cliwia dokonanie g\u0142\u0119bokich i trwa\u0142ych zmian w funkcjonowaniu.<\/span><\/span><\/span><\/p>\n<\/div><\/div><\/div><div id=\"pgc-27-1-2\"  class=\"panel-grid-cell panel-grid-cell-empty\" ><\/div><\/div><div id=\"pg-27-2\"  class=\"panel-grid panel-no-style\" ><div id=\"pgc-27-2-0\"  class=\"panel-grid-cell panel-grid-cell-empty\" ><\/div><div id=\"pgc-27-2-1\"  class=\"panel-grid-cell panel-grid-cell-mobile-last\" ><div id=\"panel-27-2-1-0\" class=\"so-panel widget widget_black-studio-tinymce widget_black_studio_tinymce panel-first-child panel-last-child\" data-index=\"3\" ><div class=\"textwidget\"><h3><span style=\"color: #99c63f;\"><strong>Cennik<\/strong><\/span><\/h3>\n<p>&nbsp;<\/p>\n<p><span style=\"font-family: Times New Roman, serif;\"><span style=\"font-size: medium;\"><span style=\"font-size: large;\">Konsultacja psychologiczna indywidualna 60 minut - 250 z\u0142<\/span><\/span><\/span><\/p>\n<p><span style=\"font-family: Times New Roman, serif;\"><span style=\"font-size: medium;\"><span style=\"font-size: large;\">Psychoterapia indywidualna 50 minut - 200 z\u0142<\/span><\/span><\/span><\/p>\n<p><span style=\"font-family: Times New Roman, serif;\"><span style=\"font-size: medium;\"><span style=\"font-size: large;\">Konsultacja psychologiczna z zakresu uzale\u017cnie\u0144<\/span><span style=\"font-size: large;\"> 60 min -250 z\u0142<\/span><\/span><\/span><\/p>\n<p style=\"text-align: left;\" align=\"JUSTIFY\">\n<\/div><\/div><\/div><div id=\"pgc-27-2-2\"  class=\"panel-grid-cell panel-grid-cell-empty\" ><\/div><\/div><div id=\"pg-27-3\"  class=\"panel-grid panel-no-style\" ><div id=\"pgc-27-3-0\"  class=\"panel-grid-cell panel-grid-cell-empty\" ><\/div><div id=\"pgc-27-3-1\"  class=\"panel-grid-cell panel-grid-cell-mobile-last\" ><div id=\"panel-27-3-1-0\" class=\"so-panel widget widget_black-studio-tinymce widget_black_studio_tinymce panel-first-child panel-last-child\" data-index=\"4\" ><div class=\"textwidget\"><h3><span style=\"color: #99c63f;\"><strong>Kontakt<\/strong><\/span><\/h3>\n<p>&nbsp;<\/p>\n<p><span style=\"font-family: Times New Roman, serif;\"><span style=\"font-size: medium;\"><span style=\"font-size: large;\">Adres gabinetu:<\/span><\/span><\/span><\/p>\n<p><span style=\"font-family: Times New Roman, serif;\"><span style=\"font-size: medium;\"><span style=\"font-size: large;\">Ul. Jordana 6\/10<\/span><\/span><\/span><\/p>\n<p><span style=\"font-family: Times New Roman, serif;\"><span style=\"font-size: medium;\"><span style=\"font-size: large;\">Katowice<\/span><\/span><\/span><\/p>\n<p><span style=\"font-family: Times New Roman, serif;\"><span style=\"font-size: medium;\"><span style=\"font-size: large;\">Te: 664\u00a0723 792<\/span><\/span><\/span><\/p>\n<\/div><\/div><\/div><div id=\"pgc-27-3-2\"  class=\"panel-grid-cell panel-grid-cell-empty\" ><\/div><\/div><\/div>","protected":false},"excerpt":{"rendered":"<p>O mnie Jestem absolwentk\u0105 studi\u00f3w psychologicznych na Uniwersytecie Kardyna\u0142a Stefana Wyszy\u0144skiego w Warszawie, 4-letniego studium Psychoterapii Psychodynamicznej KCP,\u00a0 Certyfikowanym Psychoterapeut\u0105 Uzale\u017cnie\u0144, trenerem umiej\u0119tno\u015bci psychospo\u0142ecznych. Swoj\u0105 prac\u0119 jako psycholog zaczyna\u0142am jeszcze jako studentka w O\u015brodku Socjoterapeutycznym Wsp\u00f3lny Dom w Wildze, gdzie &hellip; <a href=\"https:\/\/rymer-psycholog.pl\/\">Czytaj wi\u0119cej<\/a><\/p>\n","protected":false},"author":1,"featured_media":0,"parent":0,"menu_order":0,"comment_status":"closed","ping_status":"closed","template":"","meta":[],"_links":{"self":[{"href":"https:\/\/rymer-psycholog.pl\/index.php\/wp-json\/wp\/v2\/pages\/27"}],"collection":[{"href":"https:\/\/rymer-psycholog.pl\/index.php\/wp-json\/wp\/v2\/pages"}],"about":[{"href":"https:\/\/rymer-psycholog.pl\/index.php\/wp-json\/wp\/v2\/types\/page"}],"author":[{"embeddable":true,"href":"https:\/\/rymer-psycholog.pl\/index.php\/wp-json\/wp\/v2\/users\/1"}],"replies":[{"embeddable":true,"href":"https:\/\/rymer-psycholog.pl\/index.php\/wp-json\/wp\/v2\/comments?post=27"}],"version-history":[{"count":11,"href":"https:\/\/rymer-psycholog.pl\/index.php\/wp-json\/wp\/v2\/pages\/27\/revisions"}],"predecessor-version":[{"id":38,"href":"https:\/\/rymer-psycholog.pl\/index.php\/wp-json\/wp\/v2\/pages\/27\/revisions\/38"}],"wp:attachment":[{"href":"https:\/\/rymer-psycholog.pl\/index.php\/wp-json\/wp\/v2\/media?parent=27"}],"curies":[{"name":"wp","href":"https:\/\/api.w.org\/{rel}","templated":true}]}}